5163 + -4566?
486
In base 16, what is -c348a6 - e?
-c348b4
In base 16, what is -49373 + -c?
-4937f
In base 12, what is 757 - 6790?
-6035
In base 9, what is 6 + -15203088?
-15203082
In base 12, what is -8257 + -3935?
-bb90
In base 11, what is 297 + -10358?
-10071
In base 3, what is -1112 - 11110112001?
-11110120120
In base 8, what is 36122102 + -5?
36122075
In base 5, what is 130212343 + 242?
130213140
In base 6, what is 23333345024 + -4?
23333345020
In base 16, what is 17ff26 - 12?
17ff14
In base 12, what is -5706b2a + 1?
-5706b29
In base 8, what is -4 - 2403657?
-2403663
In base 13, what is 15c46b + -32?
15c439
In base 6, what is -324052551 - -5?
-324052542
In base 9, what is 2173372410 - 1?
2173372408
In base 16, what is 413 + -6f83?
-6b70
In base 10, what is -24513 - -659?
-23854
In base 6, what is 4540 - -2420?
11400
In base 10, what is -4533894 + 8?
-4533886
In base 14, what is -22 + -259237?
-259259
In base 8, what is 1225 + 23326?
24553
In base 7, what is -5 - 116245610?
-116245615
In base 13, what is -b25 - 18b25?
-1994a
In base 3, what is -1 + -12211200210121?
-12211200210122
In base 10, what is 0 - -8915602?
8915602
In base 2, what is -101010010 - 110001000101010001?
-110001001010100011
In base 6, what is 134202350 + 34?
134202424
In base 6, what is 13353145 - 2?
13353143
In base 10, what is -2294 - 4063?
-6357
In base 13, what is a - -bbb31?
bbb3b
In base 7, what is 2 - 414566200?
-414566165
In base 14, what is 2 + 1b66b3?
1b66b5
In base 4, what is 3 + -13302222033030?
-13302222033021
In base 2, what is -1000110111111001100110000 + 1000?
-1000110111111001100101000
In base 7, what is 1 - 126333213?
-126333212
In base 14, what is 1724c4 - -27?
17250b
In base 5, what is -30321030 + 21?
-30321004
In base 14, what is -3b66c723 + -2?
-3b66c725
In base 3, what is -12201120002 - 122220?
-12202012222
In base 5, what is 12223022102 + 10?
12223022112
In base 9, what is -534603 + 88?
-534504
In base 13, what is 3a08ca - c?
3a08bb
In base 14, what is -67263b - 7?
-672644
In base 4, what is 123012 - 11301220?
-11112202
In base 6, what is -1041542202 - -2?
-1041542200
In base 11, what is -572092 - -1?
-572091
In base 4, what is 210300 + 321231?
1132131
In base 10, what is 5548 + 37?
5585
In base 6, what is -31241052213 - 10?
-31241052223
In base 14, what is -3 - -4b96488?
4b96485
In base 16, what is -6ca34c + 5?
-6ca347
In base 12, what is -5ab56b7 + -1?
-5ab56b8
In base 16, what is -25ffd - 316?
-26313
In base 15, what is -35c1a0 - -a?
-35c195
In base 7, what is 4002326350 - -4?
4002326354
In base 9, what is 26 + 102872?
103008
In base 7, what is 111265 + -124150?
-12552
In base 7, what is -225414636 - 4?
-225414643
In base 7, what is 400003640 + -5?
400003632
In base 16, what is 1 + -11cb5d?
-11cb5c
In base 3, what is 10 - 1010112121021120?
-1010112121021110
In base 4, what is 2 - 2030233100100?
-2030233100032
In base 12, what is 1986 + 15248?
17012
In base 15, what is 0 + 378db2?
378db2
In base 15, what is 2a - 30652e?
-306504
In base 10, what is -13 - -887496?
887483
In base 7, what is -2505255 + -24?
-2505312
In base 16, what is -14 + -7334?
-7348
In base 8, what is -1212727 + 2?
-1212725
In base 8, what is -14 + -3767167?
-3767203
In base 14, what is 0 + -7913967?
-7913967
In base 5, what is -2 + -24413131411?
-24413131413
In base 10, what is 833 + -209984?
-209151
In base 5, what is 3323402213 + 3?
3323402221
In base 6, what is -233324545 - -121?
-233324424
In base 9, what is -5075 + 54005?
47820
In base 11, what is -4 + -8a090715?
-8a090719
In base 15, what is -2e020c8 - -b?
-2e020bc
In base 13, what is 1 - -1160ba?
1160bb
In base 9, what is 104608 + 135?
104744
In base 15, what is -64329a + 1?
-643299
In base 5, what is -212 + -442443320?
-442444032
In base 13, what is -2c6c912 + -4?
-2c6c916
In base 12, what is b84a - -238ba?
33548
In base 2, what is 100 + -1001110101101010001101100?
-1001110101101010001101000
In base 16, what is -a9f9a8 + -4?
-a9f9ac
In base 4, what is -1033120 - -1010003?
-23111
In base 11, what is 388aa63 + -3?
388aa60
In base 7, what is 10 - -3244022?
3244032
In base 7, what is 44 - -126601014?
126601061
In base 14, what is -3a97300 + -1?
-3a97301
In base 7, what is -131335 + -122102?
-253440
In base 8, what is 1163 + -4251?
-3066
In base 9, what is -2653660628 - 3?
-2653660632
In base 13, what is -180 + -13c084?
-13c234
In base 3, what is -1001010020 + 20211?
-1000212102
In base 4, what is -1001012 - 30023020?
-31030032
In base 11, what is -80a92a - 44?
-80a973
In base 3, what is -202211021002011 + 12?
-202211021001222
In base 5, what is -11114330 - 403344?
-12023224
In base 10, what is -2276535 - -5?
-2276530
In base 16, what is -4 - 1e59b65?
-1e59b69
In base 2, what is 10011011010100 + 10011000110011?
100110100000111
In base 7, what is 2642 + 3013314?
3016256
In base 6, what is 4 + 1520210405?
1520210413
In base 3, what is -1 + -1001012102200201?
-1001012102200202
In base 15, what is 0 - -53114a?
53114a
In base 11, what is -39388 + 1251?
-38137
In base 15, what is 21 - -5db80c?
5db82d
In base 10, what is 1339 + 14182?
15521
In base 16, what is -f944bf + 2?
-f944bd
In base 10, what is 26 + -93251?
-93225
In base 8, what is -55033772 + 3?
-55033767
In base 10, what is -5900474 - -1?
-5900473
In base 4, what is 32 - 11112033103300?
-11112033103202
In base 13, what is 5c8541 + a?
5c854b
In base 14, what is 1958 - 7c6?
1172
In base 7, what is -56 - -1016423?
1016334
In base 9, what is -3 + -23535288?
-23535302
In base 2, what is -1010110 - 1111111110011?
-10000001001001
In base 13, what is 4 - -b8328?
b832c
In base 5, what is -14 + -14240210434?
-14240211003
In base 12, what is 2237100 - 13?
22370a9
In base 11, what is -575a66 + 146?
-575920
In base 6, what is -351 + 52230?
51435
In base 9, what is -2130 - -23285?
21155
In base 2, what is 110100000101100110010 + 1111?
110100000101101000001
In base 8, what is 765 - -551476?
552463
In base 4, what is -3 - -1311020203113?
1311020203110
In base 8, what is 4 + 56116?
56122
In base 10, what is 258 + -186581?
-186323
In base 2, what is 100100000010001110 - 11101?
100100000001110001
In base 11, what is 7 + 99784?
99790
In base 5, what is -2234431 + -231411?
-3021342
In base 16, what is 56 + -f1500?
-f14aa
In base 13, what is 337 + 27a79b?
27ab05
In base 5, what is -30011 - 32103412?
-32133423
In base 14, what is -34 - 1078620?
-1078654
In base 16, what is 2a + -2d0cc?
-2d0a2
In base 3, what is -10001002 - -12101020201?
12021012122
In base 15, what is 1 + a6c2bb7?
a6c2bb8
In base 2, what is 101011110000110001011000 - 11?
101011110000110001010101
In base 7, what is 4332552425 + 0?
4332552425
In base 13, what is -1 + 113762?
113761
In base 8, what is 564046 + 1?
564047
In base 14, what is -3 - 17847d19?
-17847d1c
In base 9, what is 22 + 43038744?
43038766
In base 10, what is -2 + 6176611?
6176609
In base 14, what is 3 + -2c6930?
-2c692b
In base 4, what is 31112 - -22010133?
22101311
In base 12, what is 801785 + -1?
801784
In base 15, what is aa7 - 90d?
199
In base 6, what is -204245 - 103120?
-311405
In base 16, what is a7f27bb + 2?
a7f27bd
In base 14, what is -32c - a4338?
-a4666
In base 7, what is 11502446 - -60?
11502536
In base 2, what is -110110101111100 + -10001110011?
-111000111101111
In base 6, what is -5505332044 + -2?
-5505332050
In base 15, what is -c4334d7 - -4?
-c4334d3
In base 11, what is -336531 + a8?
-336434
In base 3, what is 0 + -110102220202101?
-110102220202101
In base 11, what is -2242a65 + -2?
-2242a67
In base 2, what is -1000001001111100111 + 1110010?
-1000001001101110101
In base 9, what is -7 + 27726285?
27726277
In base 12, what is -1 - 1911aa4?
-1911aa5
In base 14, what is 5 + -1188a98d?
-1188a988
In base 4, what is -123120 - 1320202?
-2103322
In base 16, what is 93f2 + 111?
9503
In base 13, what is 0 - -6486b?
6486b
In base 9, what is 27 - 365430?
-365402
In base 10, what is 9565833 + 33?
9565866
In base 6, what is 21541 - -55331?
121312
In base 6, what is -42423 + 20225?
-22154
In base 10, what is 37 + -70743?
-70706
In base 15, what is 1e9 - -2456?
2650
In base 2, what is -11001011110 + 1000111111?
-10000011111
In base 15, what is 17a56 - 79?
179cc
In base 11, what is -2889a + -6016?
-33905
In base 3, what is 1212100201121121022 - -12?
1212100201